File: /home/transfener/access-logs/transfener.cl
114.119.142.43 - - [09/Mar/2026:09:12:13 -0300] "GET /goods.php?special/round/166044115 HTTP/1.1" 403 - "http://www.transfener.cl/goods.php?sitemap804.xml" "Mozilla/5.0 (Linux; Android 7.0;) AppleWebKit/537.36 (KHTML, like Gecko) Mobile Safari/537.36 (compatible; PetalBot;+https://webmaster.petalsearch.com/site/petalbot)"
114.119.142.43 - - [09/Mar/2026:09:24:39 -0300] "GET /goods.php?special/rod/282001921 HTTP/1.1" 403 - "http://www.transfener.cl/goods.php?sitemap804.xml" "Mozilla/5.0 (Linux; Android 7.0;) AppleWebKit/537.36 (KHTML, like Gecko) Mobile Safari/537.36 (compatible; PetalBot;+https://webmaster.petalsearch.com/site/petalbot)"
114.119.147.0 - - [09/Mar/2026:09:39:47 -0300] "GET /goods.php?special/silent/200012085 HTTP/1.1" 403 - "http://www.transfener.cl/goods.php?sitemap804.xml" "Mozilla/5.0 (Linux; Android 7.0;) AppleWebKit/537.36 (KHTML, like Gecko) Mobile Safari/537.36 (compatible; PetalBot;+https://webmaster.petalsearch.com/site/petalbot)"
114.119.142.85 - - [09/Mar/2026:09:42:06 -0300] "GET /goods.php?special/sight/005046160 HTTP/1.1" 403 - "http://www.transfener.cl/goods.php?sitemap804.xml" "Mozilla/5.0 (Linux; Android 7.0;) AppleWebKit/537.36 (KHTML, like Gecko) Mobile Safari/537.36 (compatible; PetalBot;+https://webmaster.petalsearch.com/site/petalbot)"
114.119.154.9 - - [09/Mar/2026:09:44:06 -0300] "GET /goods.php?special/sick/048026963 HTTP/1.1" 403 - "http://www.transfener.cl/goods.php?sitemap804.xml" "Mozilla/5.0 (Linux; Android 7.0;) AppleWebKit/537.36 (KHTML, like Gecko) Mobile Safari/537.36 (compatible; PetalBot;+https://webmaster.petalsearch.com/site/petalbot)"
114.119.142.85 - - [09/Mar/2026:09:51:53 -0300] "GET /goods.php?special/shirt/228041509 HTTP/1.1" 403 - "http://www.transfener.cl/goods.php?sitemap804.xml" "Mozilla/5.0 (Linux; Android 7.0;) AppleWebKit/537.36 (KHTML, like Gecko) Mobile Safari/537.36 (compatible; PetalBot;+https://webmaster.petalsearch.com/site/petalbot)"
114.119.142.43 - - [09/Mar/2026:09:54:42 -0300] "GET /goods.php?special/shift/283043652 HTTP/1.1" 403 - "http://www.transfener.cl/goods.php?sitemap804.xml" "Mozilla/5.0 (Linux; Android 7.0;) AppleWebKit/537.36 (KHTML, like Gecko) Mobile Safari/537.36 (compatible; PetalBot;+https://webmaster.petalsearch.com/site/petalbot)"
114.119.154.9 - - [09/Mar/2026:10:01:25 -0300] "GET /goods.php?special/shark/265007488 HTTP/1.1" 403 - "http://www.transfener.cl/goods.php?sitemap804.xml" "Mozilla/5.0 (Linux; Android 7.0;) AppleWebKit/537.36 (KHTML, like Gecko) Mobile Safari/537.36 (compatible; PetalBot;+https://webmaster.petalsearch.com/site/petalbot)"
114.119.154.9 - - [09/Mar/2026:10:06:28 -0300] "GET /goods.php?special/shallow/258033811 HTTP/1.1" 403 - "http://www.transfener.cl/goods.php?sitemap804.xml" "Mozilla/5.0 (Linux; Android 7.0;) AppleWebKit/537.36 (KHTML, like Gecko) Mobile Safari/537.36 (compatible; PetalBot;+https://webmaster.petalsearch.com/site/petalbot)"
114.119.142.85 - - [09/Mar/2026:10:08:50 -0300] "GET /goods.php?special/since/130003571 HTTP/1.1" 403 - "http://www.transfener.cl/goods.php?sitemap804.xml" "Mozilla/5.0 (Linux; Android 7.0;) AppleWebKit/537.36 (KHTML, like Gecko) Mobile Safari/537.36 (compatible; PetalBot;+https://webmaster.petalsearch.com/site/petalbot)"
114.119.158.157 - - [09/Mar/2026:10:12:09 -0300] "GET /goods.php?special/silly/020039347 HTTP/1.1" 403 - "http://www.transfener.cl/goods.php?sitemap804.xml" "Mozilla/5.0 (Linux; Android 7.0;) AppleWebKit/537.36 (KHTML, like Gecko) Mobile Safari/537.36 (compatible; PetalBot;+https://webmaster.petalsearch.com/site/petalbot)"
114.119.158.157 - - [09/Mar/2026:10:19:05 -0300] "GET /goods.php?special/shopdetail/281001482 HTTP/1.1" 403 - "http://www.transfener.cl/goods.php?sitemap804.xml" "Mozilla/5.0 (Linux; Android 7.0;) AppleWebKit/537.36 (KHTML, like Gecko) Mobile Safari/537.36 (compatible; PetalBot;+https://webmaster.petalsearch.com/site/petalbot)"
114.119.133.120 - - [09/Mar/2026:10:23:38 -0300] "GET /goods.php?special/shell/003014432 HTTP/1.1" 403 - "http://www.transfener.cl/goods.php?sitemap804.xml" "Mozilla/5.0 (Linux; Android 7.0;) AppleWebKit/537.36 (KHTML, like Gecko) Mobile Safari/537.36 (compatible; PetalBot;+https://webmaster.petalsearch.com/site/petalbot)"
114.119.133.120 - - [09/Mar/2026:10:26:15 -0300] "GET /goods.php?special/shelf/026037243 HTTP/1.1" 403 - "http://www.transfener.cl/goods.php?sitemap804.xml" "Mozilla/5.0 (Linux; Android 7.0;) AppleWebKit/537.36 (KHTML, like Gecko) Mobile Safari/537.36 (compatible; PetalBot;+https://webmaster.petalsearch.com/site/petalbot)"
114.119.142.43 - - [09/Mar/2026:10:29:37 -0300] "GET /goods.php?special/shame/222019813 HTTP/1.1" 403 - "http://www.transfener.cl/goods.php?sitemap804.xml" "Mozilla/5.0 (Linux; Android 7.0;) AppleWebKit/537.36 (KHTML, like Gecko) Mobile Safari/537.36 (compatible; PetalBot;+https://webmaster.petalsearch.com/site/petalbot)"
114.119.147.0 - - [09/Mar/2026:10:31:08 -0300] "GET /goods.php?special/sexuality/166033865 HTTP/1.1" 403 - "http://www.transfener.cl/goods.php?sitemap804.xml" "Mozilla/5.0 (Linux; Android 7.0;) AppleWebKit/537.36 (KHTML, like Gecko) Mobile Safari/537.36 (compatible; PetalBot;+https://webmaster.petalsearch.com/site/petalbot)"
114.119.154.9 - - [09/Mar/2026:10:33:32 -0300] "GET /goods.php?special/set/025043678 HTTP/1.1" 403 - "http://www.transfener.cl/goods.php?sitemap804.xml" "Mozilla/5.0 (Linux; Android 7.0;) AppleWebKit/537.36 (KHTML, like Gecko) Mobile Safari/537.36 (compatible; PetalBot;+https://webmaster.petalsearch.com/site/petalbot)"
114.119.158.157 - - [09/Mar/2026:10:36:36 -0300] "GET /goods.php?special/session/240015687 HTTP/1.1" 403 - "http://www.transfener.cl/goods.php?sitemap804.xml" "Mozilla/5.0 (Linux; Android 7.0;) AppleWebKit/537.36 (KHTML, like Gecko) Mobile Safari/537.36 (compatible; PetalBot;+https://webmaster.petalsearch.com/site/petalbot)"
43.135.148.92 - - [09/Mar/2026:10:39:09 -0300] "GET / HTTP/1.1" 403 - "-" "Mozilla/5.0 (iPhone; CPU iPhone OS 13_2_3 like Mac OS X) AppleWebKit/605.1.15 (KHTML, like Gecko) Version/13.0.3 Mobile/15E148 Safari/604.1"
114.119.145.212 - - [09/Mar/2026:10:41:00 -0300] "GET /goods.php?special/seriously/265032642 HTTP/1.1" 403 - "http://www.transfener.cl/goods.php?sitemap804.xml" "Mozilla/5.0 (Linux; Android 7.0;) AppleWebKit/537.36 (KHTML, like Gecko) Mobile Safari/537.36 (compatible; PetalBot;+https://webmaster.petalsearch.com/site/petalbot)"
114.119.141.4 - - [09/Mar/2026:10:44:01 -0300] "GET /goods.php?special/series/073046942 HTTP/1.1" 403 - "http://www.transfener.cl/goods.php?sitemap804.xml" "Mozilla/5.0 (Linux; Android 7.0;) AppleWebKit/537.36 (KHTML, like Gecko) Mobile Safari/537.36 (compatible; PetalBot;+https://webmaster.petalsearch.com/site/petalbot)"
114.119.145.212 - - [09/Mar/2026:10:46:07 -0300] "GET /goods.php?special/sequence/133032862 HTTP/1.1" 403 - "http://www.transfener.cl/goods.php?sitemap804.xml" "Mozilla/5.0 (Linux; Android 7.0;) AppleWebKit/537.36 (KHTML, like Gecko) Mobile Safari/537.36 (compatible; PetalBot;+https://webmaster.petalsearch.com/site/petalbot)"
114.119.147.0 - - [09/Mar/2026:10:51:08 -0300] "GET /goods.php?special/silk/148007895 HTTP/1.1" 403 - "http://www.transfener.cl/goods.php?sitemap804.xml" "Mozilla/5.0 (Linux; Android 7.0;) AppleWebKit/537.36 (KHTML, like Gecko) Mobile Safari/537.36 (compatible; PetalBot;+https://webmaster.petalsearch.com/site/petalbot)"
172.69.150.179 - - [09/Mar/2026:10:55:53 -0300] "GET /wp-admin/setup-config.php HTTP/1.1" 403 - "-" "http://transfener.cl/wp-admin/setup-config.php"
114.119.142.85 - - [09/Mar/2026:10:56:36 -0300] "GET /goods.php?special/shopdetail/281001482 HTTP/1.1" 403 - "http://www.transfener.cl/goods.php?sitemap804.xml" "Mozilla/5.0 (Linux; Android 7.0;) AppleWebKit/537.36 (KHTML, like Gecko) Mobile Safari/537.36 (compatible; PetalBot;+https://webmaster.petalsearch.com/site/petalbot)"
162.158.182.150 - - [09/Mar/2026:10:57:19 -0300] "GET /wordpress/wp-admin/setup-config.php HTTP/1.1" 403 - "-" "http://transfener.cl/wordpress/wp-admin/setup-config.php"
114.119.141.4 - - [09/Mar/2026:10:59:03 -0300] "GET /goods.php?special/shop/070000323 HTTP/1.1" 403 - "http://www.transfener.cl/goods.php?sitemap804.xml" "Mozilla/5.0 (Linux; Android 7.0;) AppleWebKit/537.36 (KHTML, like Gecko) Mobile Safari/537.36 (compatible; PetalBot;+https://webmaster.petalsearch.com/site/petalbot)"
114.119.133.120 - - [09/Mar/2026:11:01:43 -0300] "GET /goods.php?special/shelf/026037243 HTTP/1.1" 403 - "http://www.transfener.cl/goods.php?sitemap804.xml" "Mozilla/5.0 (Linux; Android 7.0;) AppleWebKit/537.36 (KHTML, like Gecko) Mobile Safari/537.36 (compatible; PetalBot;+https://webmaster.petalsearch.com/site/petalbot)"
114.119.133.120 - - [09/Mar/2026:11:10:46 -0300] "GET /goods.php?special/session/240015687 HTTP/1.1" 403 - "http://www.transfener.cl/goods.php?sitemap804.xml" "Mozilla/5.0 (Linux; Android 7.0;) AppleWebKit/537.36 (KHTML, like Gecko) Mobile Safari/537.36 (compatible; PetalBot;+https://webmaster.petalsearch.com/site/petalbot)"
114.119.133.120 - - [09/Mar/2026:11:13:48 -0300] "GET /goods.php?special/seriously/299004714 HTTP/1.1" 403 - "http://www.transfener.cl/goods.php?sitemap804.xml" "Mozilla/5.0 (Linux; Android 7.0;) AppleWebKit/537.36 (KHTML, like Gecko) Mobile Safari/537.36 (compatible; PetalBot;+https://webmaster.petalsearch.com/site/petalbot)"
114.119.142.85 - - [09/Mar/2026:11:15:54 -0300] "GET /goods.php?special/seriously/265032642 HTTP/1.1" 403 - "http://www.transfener.cl/goods.php?sitemap804.xml" "Mozilla/5.0 (Linux; Android 7.0;) AppleWebKit/537.36 (KHTML, like Gecko) Mobile Safari/537.36 (compatible; PetalBot;+https://webmaster.petalsearch.com/site/petalbot)"
114.119.133.120 - - [09/Mar/2026:11:25:53 -0300] "GET /goods.php?special/sell/170032801 HTTP/1.1" 403 10412 "http://www.transfener.cl/goods.php?sitemap804.xml" "Mozilla/5.0 (Linux; Android 7.0;) AppleWebKit/537.36 (KHTML, like Gecko) Mobile Safari/537.36 (compatible; PetalBot;+https://webmaster.petalsearch.com/site/petalbot)"
114.119.158.157 - - [09/Mar/2026:11:45:22 -0300] "GET /goods.php?special/senator/154005811 HTTP/1.1" 403 10415 "http://www.transfener.cl/goods.php?sitemap804.xml" "Mozilla/5.0 (Linux; Android 7.0;) AppleWebKit/537.36 (KHTML, like Gecko) Mobile Safari/537.36 (compatible; PetalBot;+https://webmaster.petalsearch.com/site/petalbot)"
114.119.142.85 - - [09/Mar/2026:11:53:27 -0300] "GET /goods.php?special/secular/152001777 HTTP/1.1" 403 10414 "http://www.transfener.cl/goods.php?sitemap804.xml" "Mozilla/5.0 (Linux; Android 7.0;) AppleWebKit/537.36 (KHTML, like Gecko) Mobile Safari/537.36 (compatible; PetalBot;+https://webmaster.petalsearch.com/site/petalbot)"
114.119.142.85 - - [09/Mar/2026:12:01:53 -0300] "GET /goods.php?special/score/106019509 HTTP/1.1" 403 10412 "http://www.transfener.cl/goods.php?sitemap804.xml" "Mozilla/5.0 (Linux; Android 7.0;) AppleWebKit/537.36 (KHTML, like Gecko) Mobile Safari/537.36 (compatible; PetalBot;+https://webmaster.petalsearch.com/site/petalbot)"
43.135.182.95 - - [09/Mar/2026:12:04:28 -0300] "GET / HTTP/1.1" 403 10378 "-" "Mozilla/5.0 (iPhone; CPU iPhone OS 13_2_3 like Mac OS X) AppleWebKit/605.1.15 (KHTML, like Gecko) Version/13.0.3 Mobile/15E148 Safari/604.1"
82.21.141.5 - - [09/Mar/2026:12:29:08 -0300] "GET /sftp-config.json HTTP/1.1" 403 10380 "-" "Mozilla/5.0 (Windows NT 10.0; Win64; x64) AppleWebKit/537.36 (KHTML, like Gecko) Chrome/119.0.0.0 Safari/537.36"
66.78.26.94 - - [09/Mar/2026:12:29:09 -0300] "GET /.vscode/sftp.json HTTP/1.1" 403 10381 "-" "Mozilla/5.0 (Macintosh; Intel Mac OS X 10_15_7) AppleWebKit/537.36 (KHTML, like Gecko) Chrome/119.0.0.0 Safari/537.36"
114.119.147.0 - - [09/Mar/2026:12:32:19 -0300] "GET /goods.php?special/self/098002025 HTTP/1.1" 403 10410 "http://www.transfener.cl/goods.php?sitemap804.xml" "Mozilla/5.0 (Linux; Android 7.0;) AppleWebKit/537.36 (KHTML, like Gecko) Mobile Safari/537.36 (compatible; PetalBot;+https://webmaster.petalsearch.com/site/petalbot)"
114.119.145.212 - - [09/Mar/2026:12:38:20 -0300] "GET /goods.php?special/scramble/232011037 HTTP/1.1" 403 10416 "http://www.transfener.cl/goods.php?sitemap804.xml" "Mozilla/5.0 (Linux; Android 7.0;) AppleWebKit/537.36 (KHTML, like Gecko) Mobile Safari/537.36 (compatible; PetalBot;+https://webmaster.petalsearch.com/site/petalbot)"
114.119.147.0 - - [09/Mar/2026:12:43:11 -0300] "GET /goods.php?special/scope/257035068 HTTP/1.1" 403 10411 "http://www.transfener.cl/goods.php?sitemap804.xml" "Mozilla/5.0 (Linux; Android 7.0;) AppleWebKit/537.36 (KHTML, like Gecko) Mobile Safari/537.36 (compatible; PetalBot;+https://webmaster.petalsearch.com/site/petalbot)"
114.119.145.212 - - [09/Mar/2026:12:56:50 -0300] "GET /goods.php?special/sick/048026963 HTTP/1.1" 403 10412 "http://www.transfener.cl/goods.php?sitemap804.xml" "Mozilla/5.0 (Linux; Android 7.0;) AppleWebKit/537.36 (KHTML, like Gecko) Mobile Safari/537.36 (compatible; PetalBot;+https://webmaster.petalsearch.com/site/petalbot)"
114.119.158.157 - - [09/Mar/2026:12:59:26 -0300] "GET /goods.php?special/shame/222019813 HTTP/1.1" 403 10413 "http://www.transfener.cl/goods.php?sitemap804.xml" "Mozilla/5.0 (Linux; Android 7.0;) AppleWebKit/537.36 (KHTML, like Gecko) Mobile Safari/537.36 (compatible; PetalBot;+https://webmaster.petalsearch.com/site/petalbot)"
114.119.133.120 - - [09/Mar/2026:13:02:38 -0300] "GET /goods.php?special/sexuality/166033865 HTTP/1.1" 403 - "http://www.transfener.cl/goods.php?sitemap804.xml" "Mozilla/5.0 (Linux; Android 7.0;) AppleWebKit/537.36 (KHTML, like Gecko) Mobile Safari/537.36 (compatible; PetalBot;+https://webmaster.petalsearch.com/site/petalbot)"
114.119.133.120 - - [09/Mar/2026:13:05:18 -0300] "GET /goods.php?special/set/025043678 HTTP/1.1" 403 - "http://www.transfener.cl/goods.php?sitemap804.xml" "Mozilla/5.0 (Linux; Android 7.0;) AppleWebKit/537.36 (KHTML, like Gecko) Mobile Safari/537.36 (compatible; PetalBot;+https://webmaster.petalsearch.com/site/petalbot)"
114.119.142.85 - - [09/Mar/2026:13:07:51 -0300] "GET /goods.php?special/sentiment/089034680 HTTP/1.1" 403 - "http://www.transfener.cl/goods.php?sitemap804.xml" "Mozilla/5.0 (Linux; Android 7.0;) AppleWebKit/537.36 (KHTML, like Gecko) Mobile Safari/537.36 (compatible; PetalBot;+https://webmaster.petalsearch.com/site/petalbot)"
114.119.141.4 - - [09/Mar/2026:13:10:25 -0300] "GET /goods.php?special/sense/024015571 HTTP/1.1" 403 - "http://www.transfener.cl/goods.php?sitemap804.xml" "Mozilla/5.0 (Linux; Android 7.0;) AppleWebKit/537.36 (KHTML, like Gecko) Mobile Safari/537.36 (compatible; PetalBot;+https://webmaster.petalsearch.com/site/petalbot)"
114.119.154.9 - - [09/Mar/2026:13:16:06 -0300] "GET /goods.php?special/self/098002025 HTTP/1.1" 403 - "http://www.transfener.cl/goods.php?sitemap804.xml" "Mozilla/5.0 (Linux; Android 7.0;) AppleWebKit/537.36 (KHTML, like Gecko) Mobile Safari/537.36 (compatible; PetalBot;+https://webmaster.petalsearch.com/site/petalbot)"
114.119.133.120 - - [09/Mar/2026:13:24:24 -0300] "GET /goods.php?special/score/155020472 HTTP/1.1" 403 - "http://www.transfener.cl/goods.php?sitemap804.xml" "Mozilla/5.0 (Linux; Android 7.0;) AppleWebKit/537.36 (KHTML, like Gecko) Mobile Safari/537.36 (compatible; PetalBot;+https://webmaster.petalsearch.com/site/petalbot)"
114.119.154.9 - - [09/Mar/2026:13:35:40 -0300] "GET /goods.php?special/scheme/010045669 HTTP/1.1" 403 - "http://www.transfener.cl/goods.php?sitemap804.xml" "Mozilla/5.0 (Linux; Android 7.0;) AppleWebKit/537.36 (KHTML, like Gecko) Mobile Safari/537.36 (compatible; PetalBot;+https://webmaster.petalsearch.com/site/petalbot)"
114.119.154.9 - - [09/Mar/2026:13:38:40 -0300] "GET /goods.php?special/silly/020039347 HTTP/1.1" 403 - "http://www.transfener.cl/goods.php?sitemap804.xml" "Mozilla/5.0 (Linux; Android 7.0;) AppleWebKit/537.36 (KHTML, like Gecko) Mobile Safari/537.36 (compatible; PetalBot;+https://webmaster.petalsearch.com/site/petalbot)"
114.119.158.157 - - [09/Mar/2026:13:41:20 -0300] "GET /goods.php?special/sentiment/089034680 HTTP/1.1" 403 - "http://www.transfener.cl/goods.php?sitemap804.xml" "Mozilla/5.0 (Linux; Android 7.0;) AppleWebKit/537.36 (KHTML, like Gecko) Mobile Safari/537.36 (compatible; PetalBot;+https://webmaster.petalsearch.com/site/petalbot)"
114.119.147.0 - - [09/Mar/2026:13:43:30 -0300] "GET /goods.php?special/self/217028008 HTTP/1.1" 403 - "http://www.transfener.cl/goods.php?sitemap804.xml" "Mozilla/5.0 (Linux; Android 7.0;) AppleWebKit/537.36 (KHTML, like Gecko) Mobile Safari/537.36 (compatible; PetalBot;+https://webmaster.petalsearch.com/site/petalbot)"
114.119.142.85 - - [09/Mar/2026:13:46:24 -0300] "GET /goods.php?special/secular/152001777 HTTP/1.1" 403 - "http://www.transfener.cl/goods.php?sitemap804.xml" "Mozilla/5.0 (Linux; Android 7.0;) AppleWebKit/537.36 (KHTML, like Gecko) Mobile Safari/537.36 (compatible; PetalBot;+https://webmaster.petalsearch.com/site/petalbot)"
114.119.142.85 - - [09/Mar/2026:13:54:50 -0300] "GET /goods.php?special/science/132027091 HTTP/1.1" 403 - "http://www.transfener.cl/goods.php?sitemap804.xml" "Mozilla/5.0 (Linux; Android 7.0;) AppleWebKit/537.36 (KHTML, like Gecko) Mobile Safari/537.36 (compatible; PetalBot;+https://webmaster.petalsearch.com/site/petalbot)"
114.119.158.157 - - [09/Mar/2026:14:06:51 -0300] "GET /goods.php?special/say/152001557 HTTP/1.1" 403 - "http://www.transfener.cl/goods.php?sitemap804.xml" "Mozilla/5.0 (Linux; Android 7.0;) AppleWebKit/537.36 (KHTML, like Gecko) Mobile Safari/537.36 (compatible; PetalBot;+https://webmaster.petalsearch.com/site/petalbot)"
114.119.142.85 - - [09/Mar/2026:14:09:34 -0300] "GET /goods.php?special/sandwich/136004889 HTTP/1.1" 403 - "http://www.transfener.cl/goods.php?sitemap804.xml" "Mozilla/5.0 (Linux; Android 7.0;) AppleWebKit/537.36 (KHTML, like Gecko) Mobile Safari/537.36 (compatible; PetalBot;+https://webmaster.petalsearch.com/site/petalbot)"
8.229.71.192 - - [09/Mar/2026:14:10:36 -0300] "HEAD /wp/ HTTP/1.1" 403 - "-" "Mozilla/5.0 (Linux; Android 13; Infinix X688B) AppleWebKit/537.36 (KHTML, like Gecko) Chrome/124.0.6367.48 Mobile Safari/537.36"
8.229.71.192 - - [09/Mar/2026:14:10:36 -0300] "HEAD /new/ HTTP/1.1" 403 - "-" "Mozilla/5.0 (Windows NT 10.0; WOW64) AppleWebKit/537.36 (KHTML, like Gecko) Chrome/118.0.5993.90 Safari/537.36"
8.229.71.192 - - [09/Mar/2026:14:10:36 -0300] "HEAD / HTTP/1.1" 403 - "-" "Mozilla/5.0 (Linux; Android 13; Pixel 7a) AppleWebKit/537.36 (KHTML, like Gecko) Chrome/124.0.6367.82 Mobile Safari/537.36"
8.229.71.192 - - [09/Mar/2026:14:10:36 -0300] "HEAD /wordpress/ HTTP/1.1" 403 - "-" "Mozilla/5.0 (X11; Linux x86_64; rv:127.0) Gecko/20100101 Firefox/127.0"
8.229.71.192 - - [09/Mar/2026:14:10:37 -0300] "HEAD /blog/ HTTP/1.1" 403 - "-" "Mozilla/5.0 (Macintosh; Intel Mac OS X 15_0) AppleWebKit/537.36 (KHTML, like Gecko) Chrome/125.0.6422.141 Safari/537.36"
8.229.71.192 - - [09/Mar/2026:14:10:37 -0300] "HEAD /backup/ HTTP/1.1" 403 - "-" "Mozilla/5.0 (Macintosh; Intel Mac OS X 13_5) AppleWebKit/605.1.15 (KHTML, like Gecko) Version/16.5 Safari/605.1.15"
8.229.71.192 - - [09/Mar/2026:14:10:37 -0300] "HEAD /old/ HTTP/1.1" 403 - "-" "Mozilla/5.0 (Linux; Android 14; Xiaomi 14 Pro) AppleWebKit/537.36 (KHTML, like Gecko) Chrome/126.0.6478.33 Mobile Safari/537.36"
114.119.147.0 - - [09/Mar/2026:14:11:48 -0300] "GET /goods.php?special/salmon/238014539 HTTP/1.1" 403 - "http://www.transfener.cl/goods.php?sitemap804.xml" "Mozilla/5.0 (Linux; Android 7.0;) AppleWebKit/537.36 (KHTML, like Gecko) Mobile Safari/537.36 (compatible; PetalBot;+https://webmaster.petalsearch.com/site/petalbot)"
114.119.142.85 - - [09/Mar/2026:14:19:31 -0300] "GET /goods.php?special/sake/137034816 HTTP/1.1" 403 - "http://www.transfener.cl/goods.php?sitemap804.xml" "Mozilla/5.0 (Linux; Android 7.0;) AppleWebKit/537.36 (KHTML, like Gecko) Mobile Safari/537.36 (compatible; PetalBot;+https://webmaster.petalsearch.com/site/petalbot)"
114.119.133.120 - - [09/Mar/2026:14:25:02 -0300] "GET /goods.php?special/scope/257035068 HTTP/1.1" 403 - "http://www.transfener.cl/goods.php?sitemap804.xml" "Mozilla/5.0 (Linux; Android 7.0;) AppleWebKit/537.36 (KHTML, like Gecko) Mobile Safari/537.36 (compatible; PetalBot;+https://webmaster.petalsearch.com/site/petalbot)"
114.119.154.9 - - [09/Mar/2026:14:28:21 -0300] "GET /goods.php?special/science/132027091 HTTP/1.1" 403 - "http://www.transfener.cl/goods.php?sitemap804.xml" "Mozilla/5.0 (Linux; Android 7.0;) AppleWebKit/537.36 (KHTML, like Gecko) Mobile Safari/537.36 (compatible; PetalBot;+https://webmaster.petalsearch.com/site/petalbot)"
195.86.183.66 - - [09/Mar/2026:14:28:29 -0300] "GET /test123Cp.php HTTP/1.1" 403 - "transfener.cl/test123Cp.php" "Mozilla/5.0 (Windows NT 10.0; Win64; x64) AppleWebKit/537.36 (KHTML, like Gecko) Chrome/59.0.3071.115 Safari/537.36"
174.110.77.202 - - [09/Mar/2026:14:42:05 -0300] "GET / HTTP/1.1" 403 - "http://transfener.cl:80" "Mozilla/5.0 (Windows NT 10.0; Win64; x64) AppleWebKit/537.36 (KHTML, like Gecko) Chrome/59.0.3071.115 Safari/537.36"
67.243.200.16 - - [09/Mar/2026:14:44:01 -0300] "GET / HTTP/1.1" 403 - "http://transfener.cl:80" "Mozilla/5.0 (Windows NT 10.0; Win64; x64) AppleWebKit/537.36 (KHTML, like Gecko) Chrome/59.0.3071.115 Safari/537.36"
114.119.154.9 - - [09/Mar/2026:14:44:10 -0300] "GET /goods.php?special/sales/059023102 HTTP/1.1" 403 - "http://www.transfener.cl/goods.php?sitemap804.xml" "Mozilla/5.0 (Linux; Android 7.0;) AppleWebKit/537.36 (KHTML, like Gecko) Mobile Safari/537.36 (compatible; PetalBot;+https://webmaster.petalsearch.com/site/petalbot)"
114.119.147.0 - - [09/Mar/2026:14:47:27 -0300] "GET /goods.php?special/sake/057032754 HTTP/1.1" 403 - "http://www.transfener.cl/goods.php?sitemap804.xml" "Mozilla/5.0 (Linux; Android 7.0;) AppleWebKit/537.36 (KHTML, like Gecko) Mobile Safari/537.36 (compatible; PetalBot;+https://webmaster.petalsearch.com/site/petalbot)"
114.119.133.120 - - [09/Mar/2026:14:58:06 -0300] "GET /goods.php?special/running/202009629 HTTP/1.1" 200 20529 "http://www.transfener.cl/goods.php?sitemap804.xml" "Mozilla/5.0 (Linux; Android 7.0;) AppleWebKit/537.36 (KHTML, like Gecko) Mobile Safari/537.36 (compatible; PetalBot;+https://webmaster.petalsearch.com/site/petalbot)"
216.73.216.105 - - [09/Mar/2026:14:59:37 -0300] "GET /robots.txt HTTP/1.1" 200 384 "-" "Mozilla/5.0 AppleWebKit/537.36 (KHTML, like Gecko; compatible; ClaudeBot/1.0; +claudebot@anthropic.com)"
216.73.216.105 - - [09/Mar/2026:14:59:37 -0300] "GET / HTTP/1.1" 200 3665 "-" "Mozilla/5.0 AppleWebKit/537.36 (KHTML, like Gecko; compatible; ClaudeBot/1.0; +claudebot@anthropic.com)"
114.119.141.4 - - [09/Mar/2026:15:03:54 -0300] "GET /goods.php?special/rumor/102002307 HTTP/1.1" 200 20640 "http://www.transfener.cl/goods.php?sitemap804.xml" "Mozilla/5.0 (Linux; Android 7.0;) AppleWebKit/537.36 (KHTML, like Gecko) Mobile Safari/537.36 (compatible; PetalBot;+https://webmaster.petalsearch.com/site/petalbot)"
114.119.142.43 - - [09/Mar/2026:15:09:48 -0300] "GET /goods.php?special/scheme/093036326 HTTP/1.1" 200 21306 "http://www.transfener.cl/goods.php?sitemap804.xml" "Mozilla/5.0 (Linux; Android 7.0;) AppleWebKit/537.36 (KHTML, like Gecko) Mobile Safari/537.36 (compatible; PetalBot;+https://webmaster.petalsearch.com/site/petalbot)"
114.119.142.43 - - [09/Mar/2026:15:11:31 -0300] "GET /goods.php?special/scary/165041678 HTTP/1.1" 200 20750 "http://www.transfener.cl/goods.php?sitemap804.xml" "Mozilla/5.0 (Linux; Android 7.0;) AppleWebKit/537.36 (KHTML, like Gecko) Mobile Safari/537.36 (compatible; PetalBot;+https://webmaster.petalsearch.com/site/petalbot)"
216.73.216.105 - - [09/Mar/2026:15:12:41 -0300] "GET /goods.php HTTP/1.1" 200 20266 "-" "Mozilla/5.0 AppleWebKit/537.36 (KHTML, like Gecko; compatible; ClaudeBot/1.0; +claudebot@anthropic.com)"
114.119.141.4 - - [09/Mar/2026:15:14:46 -0300] "GET /goods.php?special/scan/053044138 HTTP/1.1" 200 21108 "http://www.transfener.cl/goods.php?sitemap804.xml" "Mozilla/5.0 (Linux; Android 7.0;) AppleWebKit/537.36 (KHTML, like Gecko) Mobile Safari/537.36 (compatible; PetalBot;+https://webmaster.petalsearch.com/site/petalbot)"
114.119.142.43 - - [09/Mar/2026:15:19:43 -0300] "GET /goods.php?special/salmon/106006305 HTTP/1.1" 200 20466 "http://www.transfener.cl/goods.php?sitemap804.xml" "Mozilla/5.0 (Linux; Android 7.0;) AppleWebKit/537.36 (KHTML, like Gecko) Mobile Safari/537.36 (compatible; PetalBot;+https://webmaster.petalsearch.com/site/petalbot)"
114.119.142.43 - - [09/Mar/2026:15:23:16 -0300] "GET /goods.php?special/sales/059023102 HTTP/1.1" 200 20639 "http://www.transfener.cl/goods.php?sitemap804.xml" "Mozilla/5.0 (Linux; Android 7.0;) AppleWebKit/537.36 (KHTML, like Gecko) Mobile Safari/537.36 (compatible; PetalBot;+https://webmaster.petalsearch.com/site/petalbot)"
172.70.248.131 - - [09/Mar/2026:15:24:47 -0300] "GET /wp-admin/setup-config.php HTTP/1.1" 404 36 "-" "Mozilla/5.0 (Windows NT 10.0; Win64; x64) AppleWebKit/537.36 (KHTML, like Gecko) Chrome/145.0.0.0 Safari/537.36"
162.158.182.151 - - [09/Mar/2026:15:26:04 -0300] "GET /wordpress/wp-admin/setup-config.php HTTP/1.1" 404 36 "-" "http://transfener.cl/wordpress/wp-admin/setup-config.php"
114.119.142.43 - - [09/Mar/2026:15:32:10 -0300] "GET /goods.php?special/safety/291010504 HTTP/1.1" 200 20623 "http://www.transfener.cl/goods.php?sitemap804.xml" "Mozilla/5.0 (Linux; Android 7.0;) AppleWebKit/537.36 (KHTML, like Gecko) Mobile Safari/537.36 (compatible; PetalBot;+https://webmaster.petalsearch.com/site/petalbot)"
43.156.168.214 - - [09/Mar/2026:15:33:28 -0300] "GET / HTTP/1.1" 200 3665 "-" "Mozilla/5.0 (iPhone; CPU iPhone OS 13_2_3 like Mac OS X) AppleWebKit/605.1.15 (KHTML, like Gecko) Version/13.0.3 Mobile/15E148 Safari/604.1"
114.119.158.157 - - [09/Mar/2026:15:37:10 -0300] "GET /goods.php?special/running/168025893 HTTP/1.1" 200 21992 "http://www.transfener.cl/goods.php?sitemap804.xml" "Mozilla/5.0 (Linux; Android 7.0;) AppleWebKit/537.36 (KHTML, like Gecko) Mobile Safari/537.36 (compatible; PetalBot;+https://webmaster.petalsearch.com/site/petalbot)"
101.33.55.204 - - [09/Mar/2026:15:46:41 -0300] "GET /fetch.php HTTP/1.1" 200 9721 "-" "Mozilla/5.0 (iPhone; CPU iPhone OS 13_2_3 like Mac OS X) AppleWebKit/605.1.15 (KHTML, like Gecko) Version/13.0.3 Mobile/15E148 Safari/604.1"
114.119.142.43 - - [09/Mar/2026:15:53:49 -0300] "GET /goods.php?special/say/152001557 HTTP/1.1" 200 20931 "http://www.transfener.cl/goods.php?sitemap804.xml" "Mozilla/5.0 (Linux; Android 7.0;) AppleWebKit/537.36 (KHTML, like Gecko) Mobile Safari/537.36 (compatible; PetalBot;+https://webmaster.petalsearch.com/site/petalbot)"
170.106.179.68 - - [09/Mar/2026:15:57:10 -0300] "GET /simple.php HTTP/1.1" 200 2478 "-" "Mozilla/5.0 (iPhone; CPU iPhone OS 13_2_3 like Mac OS X) AppleWebKit/605.1.15 (KHTML, like Gecko) Version/13.0.3 Mobile/15E148 Safari/604.1"
114.119.133.120 - - [09/Mar/2026:16:04:28 -0300] "GET /goods.php?special/ruling/225038678 HTTP/1.1" 200 20564 "http://www.transfener.cl/goods.php?sitemap804.xml" "Mozilla/5.0 (Linux; Android 7.0;) AppleWebKit/537.36 (KHTML, like Gecko) Mobile Safari/537.36 (compatible; PetalBot;+https://webmaster.petalsearch.com/site/petalbot)"
101.32.49.171 - - [09/Mar/2026:16:08:48 -0300] "GET /x.php HTTP/1.1" 200 11339 "-" "Mozilla/5.0 (iPhone; CPU iPhone OS 13_2_3 like Mac OS X) AppleWebKit/605.1.15 (KHTML, like Gecko) Version/13.0.3 Mobile/15E148 Safari/604.1"
114.119.142.43 - - [09/Mar/2026:16:17:59 -0300] "GET /goods.php?special/rolling/012025423 HTTP/1.1" 200 20524 "http://www.transfener.cl/goods.php?sitemap804.xml" "Mozilla/5.0 (Linux; Android 7.0;) AppleWebKit/537.36 (KHTML, like Gecko) Mobile Safari/537.36 (compatible; PetalBot;+https://webmaster.petalsearch.com/site/petalbot)"
43.153.113.127 - - [09/Mar/2026:16:18:17 -0300] "GET /defaults.php HTTP/1.1" 200 242 "-" "Mozilla/5.0 (iPhone; CPU iPhone OS 13_2_3 like Mac OS X) AppleWebKit/605.1.15 (KHTML, like Gecko) Version/13.0.3 Mobile/15E148 Safari/604.1"
43.157.52.37 - - [09/Mar/2026:16:27:57 -0300] "GET /wp-includes/ HTTP/1.1" 200 647 "-" "Mozilla/5.0 (iPhone; CPU iPhone OS 13_2_3 like Mac OS X) AppleWebKit/605.1.15 (KHTML, like Gecko) Version/13.0.3 Mobile/15E148 Safari/604.1"
114.119.133.120 - - [09/Mar/2026:16:31:38 -0300] "GET /goods.php?special/risk/134019295 HTTP/1.1" 200 20899 "http://www.transfener.cl/goods.php?sitemap804.xml" "Mozilla/5.0 (Linux; Android 7.0;) AppleWebKit/537.36 (KHTML, like Gecko) Mobile Safari/537.36 (compatible; PetalBot;+https://webmaster.petalsearch.com/site/petalbot)"
114.119.145.212 - - [09/Mar/2026:16:34:46 -0300] "GET /goods.php?special/ring/163015140 HTTP/1.1" 200 20410 "http://www.transfener.cl/goods.php?sitemap804.xml" "Mozilla/5.0 (Linux; Android 7.0;) AppleWebKit/537.36 (KHTML, like Gecko) Mobile Safari/537.36 (compatible; PetalBot;+https://webmaster.petalsearch.com/site/petalbot)"
43.166.128.187 - - [09/Mar/2026:16:38:16 -0300] "GET /?C=M;O=A HTTP/1.1" 200 3665 "-" "Mozilla/5.0 (iPhone; CPU iPhone OS 13_2_3 like Mac OS X) AppleWebKit/605.1.15 (KHTML, like Gecko) Version/13.0.3 Mobile/15E148 Safari/604.1"
43.130.67.33 - - [09/Mar/2026:16:46:58 -0300] "GET /fetch.php?path=/home/transfener/public_html&action=command HTTP/1.1" 200 4853 "-" "Mozilla/5.0 (iPhone; CPU iPhone OS 13_2_3 like Mac OS X) AppleWebKit/605.1.15 (KHTML, like Gecko) Version/13.0.3 Mobile/15E148 Safari/604.1"
114.119.158.157 - - [09/Mar/2026:16:52:02 -0300] "GET /goods.php?special/ride/281023618 HTTP/1.1" 200 20812 "http://www.transfener.cl/goods.php?sitemap804.xml" "Mozilla/5.0 (Linux; Android 7.0;) AppleWebKit/537.36 (KHTML, like Gecko) Mobile Safari/537.36 (compatible; PetalBot;+https://webmaster.petalsearch.com/site/petalbot)"
129.226.93.214 - - [09/Mar/2026:16:56:26 -0300] "GET /simple.php?path=/home/transfener/public_html/bolt.php&action=del HTTP/1.1" 200 1497 "-" "Mozilla/5.0 (iPhone; CPU iPhone OS 13_2_3 like Mac OS X) AppleWebKit/605.1.15 (KHTML, like Gecko) Version/13.0.3 Mobile/15E148 Safari/604.1"
114.119.154.9 - - [09/Mar/2026:16:59:17 -0300] "GET /goods.php?special/ribbon/158004043 HTTP/1.1" 200 21251 "http://www.transfener.cl/goods.php?sitemap804.xml" "Mozilla/5.0 (Linux; Android 7.0;) AppleWebKit/537.36 (KHTML, like Gecko) Mobile Safari/537.36 (compatible; PetalBot;+https://webmaster.petalsearch.com/site/petalbot)"
43.164.196.57 - - [09/Mar/2026:17:07:26 -0300] "GET /x.php?fm=true&rename=8dc60&path=/home/transfener/public_html/ HTTP/1.1" 200 8683 "-" "Mozilla/5.0 (iPhone; CPU iPhone OS 13_2_3 like Mac OS X) AppleWebKit/605.1.15 (KHTML, like Gecko) Version/13.0.3 Mobile/15E148 Safari/604.1"
216.73.216.105 - - [09/Mar/2026:17:08:09 -0300] "GET /robots.txt HTTP/1.1" 200 384 "-" "Mozilla/5.0 AppleWebKit/537.36 (KHTML, like Gecko; compatible; ClaudeBot/1.0; +claudebot@anthropic.com)"
216.73.216.105 - - [09/Mar/2026:17:08:09 -0300] "GET /robots.txt HTTP/1.1" 200 384 "-" ""
216.73.216.105 - - [09/Mar/2026:17:08:09 -0300] "GET /simple.php HTTP/1.1" 200 2449 "-" "Mozilla/5.0 AppleWebKit/537.36 (KHTML, like Gecko; compatible; ClaudeBot/1.0; +claudebot@anthropic.com)"
216.73.216.105 - - [09/Mar/2026:17:10:05 -0300] "GET /t6wer-send.php HTTP/1.1" 200 29 "-" "Mozilla/5.0 AppleWebKit/537.36 (KHTML, like Gecko; compatible; ClaudeBot/1.0; +claudebot@anthropic.com)"
216.73.216.105 - - [09/Mar/2026:17:10:49 -0300] "GET /umrsu.php HTTP/1.1" 200 216 "-" "Mozilla/5.0 AppleWebKit/537.36 (KHTML, like Gecko; compatible; ClaudeBot/1.0; +claudebot@anthropic.com)"
216.73.216.105 - - [09/Mar/2026:17:11:46 -0300] "GET /bolt.php HTTP/1.1" 404 36 "-" "Mozilla/5.0 AppleWebKit/537.36 (KHTML, like Gecko; compatible; ClaudeBot/1.0; +claudebot@anthropic.com)"
216.73.216.105 - - [09/Mar/2026:17:11:47 -0300] "GET /jftfp.php HTTP/1.1" 200 3549 "-" "Mozilla/5.0 AppleWebKit/537.36 (KHTML, like Gecko; compatible; ClaudeBot/1.0; +claudebot@anthropic.com)"
216.73.216.105 - - [09/Mar/2026:17:12:42 -0300] "GET /x.php HTTP/1.1" 200 11262 "-" "Mozilla/5.0 AppleWebKit/537.36 (KHTML, like Gecko; compatible; ClaudeBot/1.0; +claudebot@anthropic.com)"
216.73.216.105 - - [09/Mar/2026:17:13:09 -0300] "GET /fetch.php HTTP/1.1" 200 9608 "-" "Mozilla/5.0 AppleWebKit/537.36 (KHTML, like Gecko; compatible; ClaudeBot/1.0; +claudebot@anthropic.com)"
114.119.145.212 - - [09/Mar/2026:17:15:34 -0300] "GET /goods.php?special/reveal/016038347 HTTP/1.1" 200 21109 "http://www.transfener.cl/goods.php?sitemap804.xml" "Mozilla/5.0 (Linux; Android 7.0;) AppleWebKit/537.36 (KHTML, like Gecko) Mobile Safari/537.36 (compatible; PetalBot;+https://webmaster.petalsearch.com/site/petalbot)"
170.106.72.178 - - [09/Mar/2026:17:17:31 -0300] "GET /wp-includes/?C=S;O=A HTTP/1.1" 200 647 "-" "Mozilla/5.0 (iPhone; CPU iPhone OS 13_2_3 like Mac OS X) AppleWebKit/605.1.15 (KHTML, like Gecko) Version/13.0.3 Mobile/15E148 Safari/604.1"
114.119.142.43 - - [09/Mar/2026:17:18:52 -0300] "GET /goods.php?special/return/108038597 HTTP/1.1" 200 20454 "http://www.transfener.cl/goods.php?sitemap804.xml" "Mozilla/5.0 (Linux; Android 7.0;) AppleWebKit/537.36 (KHTML, like Gecko) Mobile Safari/537.36 (compatible; PetalBot;+https://webmaster.petalsearch.com/site/petalbot)"
114.119.133.120 - - [09/Mar/2026:17:21:35 -0300] "GET /goods.php?special/retired/246049863 HTTP/1.1" 200 22379 "http://www.transfener.cl/goods.php?sitemap804.xml" "Mozilla/5.0 (Linux; Android 7.0;) AppleWebKit/537.36 (KHTML, like Gecko) Mobile Safari/537.36 (compatible; PetalBot;+https://webmaster.petalsearch.com/site/petalbot)"
114.119.142.43 - - [09/Mar/2026:17:24:08 -0300] "GET /goods.php?special/retire/129024236 HTTP/1.1" 200 20537 "http://www.transfener.cl/goods.php?sitemap804.xml" "Mozilla/5.0 (Linux; Android 7.0;) AppleWebKit/537.36 (KHTML, like Gecko) Mobile Safari/537.36 (compatible; PetalBot;+https://webmaster.petalsearch.com/site/petalbot)"
43.153.107.22 - - [09/Mar/2026:17:27:39 -0300] "GET /wp-includes/?C=M;O=A HTTP/1.1" 200 647 "-" "Mozilla/5.0 (iPhone; CPU iPhone OS 13_2_3 like Mac OS X) AppleWebKit/605.1.15 (KHTML, like Gecko) Version/13.0.3 Mobile/15E148 Safari/604.1"
162.62.231.139 - - [09/Mar/2026:17:37:16 -0300] "GET /jftfp.php HTTP/1.1" 200 3549 "-" "Mozilla/5.0 (iPhone; CPU iPhone OS 13_2_3 like Mac OS X) AppleWebKit/605.1.15 (KHTML, like Gecko) Version/13.0.3 Mobile/15E148 Safari/604.1"
66.249.68.37 - - [09/Mar/2026:17:41:48 -0300] "GET /robots.txt HTTP/1.1" 200 384 "-" "Mozilla/5.0 (compatible; Googlebot/2.1; +http://www.google.com/bot.html)"
66.249.68.38 - - [09/Mar/2026:17:41:48 -0300] "GET /special/043009204.html HTTP/1.1" 404 36 "-" "Mozilla/5.0 (Linux; Android 6.0.1; Nexus 5X Build/MMB29P) AppleWebKit/537.36 (KHTML, like Gecko) Chrome/145.0.7632.116 Mobile Safari/537.36 (compatible; GoogleOther)"
114.119.141.4 - - [09/Mar/2026:17:43:18 -0300] "GET /goods.php?special/resource/099003076 HTTP/1.1" 200 20763 "http://www.transfener.cl/goods.php?sitemap804.xml" "Mozilla/5.0 (Linux; Android 7.0;) AppleWebKit/537.36 (KHTML, like Gecko) Mobile Safari/537.36 (compatible; PetalBot;+https://webmaster.petalsearch.com/site/petalbot)"
43.153.49.151 - - [09/Mar/2026:17:47:19 -0300] "GET /fetch.php?path=/home/transfener/public_html&action=infomin HTTP/1.1" 200 5332 "-" "Mozilla/5.0 (iPhone; CPU iPhone OS 13_2_3 like Mac OS X) AppleWebKit/605.1.15 (KHTML, like Gecko) Version/13.0.3 Mobile/15E148 Safari/604.1"
66.249.68.38 - - [09/Mar/2026:17:49:17 -0300] "GET /10088811 HTTP/1.1" 404 36 "-" "Mozilla/5.0 (Linux; Android 6.0.1; Nexus 5X Build/MMB29P) AppleWebKit/537.36 (KHTML, like Gecko) Chrome/145.0.7632.116 Mobile Safari/537.36 (compatible; Googlebot/2.1; +http://www.google.com/bot.html)"
114.119.147.0 - - [09/Mar/2026:17:51:11 -0300] "GET /goods.php?special/residence/247010492 HTTP/1.1" 200 20985 "http://www.transfener.cl/goods.php?sitemap804.xml" "Mozilla/5.0 (Linux; Android 7.0;) AppleWebKit/537.36 (KHTML, like Gecko) Mobile Safari/537.36 (compatible; PetalBot;+https://webmaster.petalsearch.com/site/petalbot)"
66.249.68.37 - - [09/Mar/2026:17:57:20 -0300] "GET /?_r=283029159 HTTP/1.1" 200 3489 "-" "Mozilla/5.0 (Linux; Android 6.0.1; Nexus 5X Build/MMB29P) AppleWebKit/537.36 (KHTML, like Gecko) Chrome/145.0.7632.116 Mobile Safari/537.36 (compatible; Googlebot/2.1; +http://www.google.com/bot.html)"
43.166.244.192 - - [09/Mar/2026:17:57:21 -0300] "GET /x.php?fm=true&path=/home/transfener/public_html/ HTTP/1.1" 200 11262 "-" "Mozilla/5.0 (iPhone; CPU iPhone OS 13_2_3 like Mac OS X) AppleWebKit/605.1.15 (KHTML, like Gecko) Version/13.0.3 Mobile/15E148 Safari/604.1"
114.119.133.120 - - [09/Mar/2026:18:02:24 -0300] "GET /goods.php?special/requirement/040034743 HTTP/1.1" 200 21199 "http://www.transfener.cl/goods.php?sitemap804.xml" "Mozilla/5.0 (Linux; Android 7.0;) AppleWebKit/537.36 (KHTML, like Gecko) Mobile Safari/537.36 (compatible; PetalBot;+https://webmaster.petalsearch.com/site/petalbot)"
43.157.52.37 - - [09/Mar/2026:18:07:05 -0300] "GET /x.php?proxy=true HTTP/1.1" 200 6902 "-" "Mozilla/5.0 (iPhone; CPU iPhone OS 13_2_3 like Mac OS X) AppleWebKit/605.1.15 (KHTML, like Gecko) Version/13.0.3 Mobile/15E148 Safari/604.1"
43.163.206.70 - - [09/Mar/2026:18:16:57 -0300] "GET /wp-includes/?C=S;O=D HTTP/1.1" 200 647 "-" "Mozilla/5.0 (iPhone; CPU iPhone OS 13_2_3 like Mac OS X) AppleWebKit/605.1.15 (KHTML, like Gecko) Version/13.0.3 Mobile/15E148 Safari/604.1"
114.119.147.0 - - [09/Mar/2026:18:17:21 -0300] "GET /goods.php?special/report/109013968 HTTP/1.1" 200 21014 "http://www.transfener.cl/goods.php?sitemap804.xml" "Mozilla/5.0 (Linux; Android 7.0;) AppleWebKit/537.36 (KHTML, like Gecko) Mobile Safari/537.36 (compatible; PetalBot;+https://webmaster.petalsearch.com/site/petalbot)"
3.93.56.154 - - [09/Mar/2026:18:19:01 -0300] "GET / HTTP/1.1" 200 3489 "-" "Mozilla/5.0 (X11; Linux x86_64) AppleWebKit/537.36 (KHTML, like Gecko) Chrome/47.0.2526.80 Safari/537.36 Vivaldi/1.0.344.37"
3.93.56.154 - - [09/Mar/2026:18:19:01 -0300] "GET / HTTP/1.1" 200 3489 "-" "Mozilla/5.0 (Windows NT 6.1; Win64; x64) AppleWebKit/537.36 (KHTML, like Gecko) Chrome/99.0.4844.51 Safari/537.36"
3.93.56.154 - - [09/Mar/2026:18:19:02 -0300] "GET / HTTP/1.1" 200 3489 "-" "Mozilla/5.0 (Linux; U; Android 2.2; en-us; Nexus One Build/FRF91) AppleWebKit/533.1 (KHTML, like Gecko) Version/4.0 Mobile Safari/533.1"
66.249.68.38 - - [09/Mar/2026:18:26:53 -0300] "GET /?_j=092019262 HTTP/1.1" 200 3489 "-" "Mozilla/5.0 (Linux; Android 6.0.1; Nexus 5X Build/MMB29P) AppleWebKit/537.36 (KHTML, like Gecko) Chrome/145.0.7632.116 Mobile Safari/537.36 (compatible; Googlebot/2.1; +http://www.google.com/bot.html)"
43.159.149.216 - - [09/Mar/2026:18:27:13 -0300] "GET /wp-includes/?C=M;O=D HTTP/1.1" 200 647 "-" "Mozilla/5.0 (iPhone; CPU iPhone OS 13_2_3 like Mac OS X) AppleWebKit/605.1.15 (KHTML, like Gecko) Version/13.0.3 Mobile/15E148 Safari/604.1"
93.158.91.235 - - [09/Mar/2026:18:36:23 -0300] "GET /robots.txt HTTP/1.1" 200 384 "-" "Mozilla/5.0 (Android 14; Mobile; rv:123.0) Gecko/123.0 Firefox/123"
93.158.91.252 - - [09/Mar/2026:18:36:23 -0300] "GET / HTTP/1.1" 200 3489 "-" "Mozilla/5.0 (Android 14; Mobile; rv:123.0) Gecko/123.0 Firefox/123"
216.73.216.105 - - [09/Mar/2026:18:36:45 -0300] "GET /robots.txt HTTP/1.1" 200 384 "-" "Mozilla/5.0 AppleWebKit/537.36 (KHTML, like Gecko; compatible; ClaudeBot/1.0; +claudebot@anthropic.com)"
216.73.216.105 - - [09/Mar/2026:18:36:45 -0300] "GET /simple.php?action=edit&path=%2Fhome%2Ftransfener%2Fpublic_html%2Fsimple.php HTTP/1.1" 200 3370 "-" "Mozilla/5.0 AppleWebKit/537.36 (KHTML, like Gecko; compatible; ClaudeBot/1.0; +claudebot@anthropic.com)"
216.73.216.105 - - [09/Mar/2026:18:36:46 -0300] "GET /simple.php?action=edit&path=%2Fhome%2Ftransfener%2Fpublic_html%2Fdefaults.php HTTP/1.1" 200 2577 "-" "Mozilla/5.0 AppleWebKit/537.36 (KHTML, like Gecko; compatible; ClaudeBot/1.0; +claudebot@anthropic.com)"
216.73.216.105 - - [09/Mar/2026:18:36:47 -0300] "GET /simple.php?action=edit&path=%2Fhome%2Ftransfener%2Fpublic_html%2Ffetch.php HTTP/1.1" 200 2216 "-" "Mozilla/5.0 AppleWebKit/537.36 (KHTML, like Gecko; compatible; ClaudeBot/1.0; +claudebot@anthropic.com)"
216.73.216.105 - - [09/Mar/2026:18:36:52 -0300] "GET /simple.php?action=edit&path=%2Fhome%2Ftransfener%2Fpublic_html%2Fjftfp.php HTTP/1.1" 200 6346 "-" "Mozilla/5.0 AppleWebKit/537.36 (KHTML, like Gecko; compatible; ClaudeBot/1.0; +claudebot@anthropic.com)"
216.73.216.105 - - [09/Mar/2026:18:36:53 -0300] "GET /simple.php?action=del&path=%2Fhome%2Ftransfener%2Fpublic_html%2Ffetch.php HTTP/1.1" 200 1497 "-" "Mozilla/5.0 AppleWebKit/537.36 (KHTML, like Gecko; compatible; ClaudeBot/1.0; +claudebot@anthropic.com)"
216.73.216.105 - - [09/Mar/2026:18:36:54 -0300] "GET /simple.php?path=%2Fhome%2Ftransfener%2Fpublic_html%2Fcgi-bin HTTP/1.1" 200 1671 "-" "Mozilla/5.0 AppleWebKit/537.36 (KHTML, like Gecko; compatible; ClaudeBot/1.0; +claudebot@anthropic.com)"
216.73.216.105 - - [09/Mar/2026:18:37:10 -0300] "GET /simple.php?action=edit&path=%2Fhome%2Ftransfener%2Fpublic_html%2Fitem.php HTTP/1.1" 200 2550 "-" "Mozilla/5.0 AppleWebKit/537.36 (KHTML, like Gecko; compatible; ClaudeBot/1.0; +claudebot@anthropic.com)"
216.73.216.105 - - [09/Mar/2026:18:37:11 -0300] "GET /simple.php?action=del&path=%2Fhome%2Ftransfener%2Fpublic_html%2Fdefaults.php HTTP/1.1" 200 1500 "-" "Mozilla/5.0 AppleWebKit/537.36 (KHTML, like Gecko; compatible; ClaudeBot/1.0; +claudebot@anthropic.com)"
216.73.216.105 - - [09/Mar/2026:18:37:13 -0300] "GET /simple.php?path=%2Fhome%2Ftransfener%2Fpublic_html%2Fwp-includes HTTP/1.1" 200 1672 "-" "Mozilla/5.0 AppleWebKit/537.36 (KHTML, like Gecko; compatible; ClaudeBot/1.0; +claudebot@anthropic.com)"
43.166.134.114 - - [09/Mar/2026:18:37:39 -0300] "GET /jftfp.php?path=/home HTTP/1.1" 200 2512 "-" "Mozilla/5.0 (iPhone; CPU iPhone OS 13_2_3 like Mac OS X) AppleWebKit/605.1.15 (KHTML, like Gecko) Version/13.0.3 Mobile/15E148 Safari/604.1"
216.73.216.105 - - [09/Mar/2026:18:37:56 -0300] "GET /simple.php?action=edit&path=%2Fhome%2Ftransfener%2Fpublic_html%2Fgoods.php HTTP/1.1" 200 2359 "-" "Mozilla/5.0 AppleWebKit/537.36 (KHTML, like Gecko; compatible; ClaudeBot/1.0; +claudebot@anthropic.com)"
216.73.216.105 - - [09/Mar/2026:18:37:56 -0300] "GET /simple.php?action=edit&path=%2Fhome%2Ftransfener%2Fpublic_html%2Fx.php HTTP/1.1" 200 27813 "-" "Mozilla/5.0 AppleWebKit/537.36 (KHTML, like Gecko; compatible; ClaudeBot/1.0; +claudebot@anthropic.com)"
216.73.216.105 - - [09/Mar/2026:18:37:57 -0300] "GET /simple.php?action=del&path=%2Fhome%2Ftransfener%2Fpublic_html%2Fsimple.php HTTP/1.1" 200 1497 "-" "Mozilla/5.0 AppleWebKit/537.36 (KHTML, like Gecko; compatible; ClaudeBot/1.0; +claudebot@anthropic.com)"
114.119.133.120 - - [09/Mar/2026:18:37:54 -0300] "GET /goods.php?special/remote/124026131 HTTP/1.1" 200 21107 "http://www.transfener.cl/goods.php?sitemap804.xml" "Mozilla/5.0 (Linux; Android 7.0;) AppleWebKit/537.36 (KHTML, like Gecko) Mobile Safari/537.36 (compatible; PetalBot;+https://webmaster.petalsearch.com/site/petalbot)"
216.73.216.105 - - [09/Mar/2026:18:38:12 -0300] "GET /simple.php?action=edit&path=%2Fhome%2Ftransfener%2Fpublic_html%2Findex.php0 HTTP/1.1" 404 36 "-" "Mozilla/5.0 AppleWebKit/537.36 (KHTML, like Gecko; compatible; ClaudeBot/1.0; +claudebot@anthropic.com)"
216.73.216.105 - - [09/Mar/2026:18:38:13 -0300] "GET /simple.php?action=edit&path=%2Fhome%2Ftransfener%2Fpublic_html%2Ft6wer-send.php HTTP/1.1" 404 36 "-" "Mozilla/5.0 AppleWebKit/537.36 (KHTML, like Gecko; compatible; ClaudeBot/1.0; +claudebot@anthropic.com)"
216.73.216.105 - - [09/Mar/2026:18:38:13 -0300] "GET /simple.php?action=edit&path=%2Fhome%2Ftransfener%2Fpublic_html%2Fmah.php HTTP/1.1" 404 36 "-" "Mozilla/5.0 AppleWebKit/537.36 (KHTML, like Gecko; compatible; ClaudeBot/1.0; +claudebot@anthropic.com)"
216.73.216.105 - - [09/Mar/2026:18:38:18 -0300] "GET /simple.php?action=edit&path=%2Fhome%2Ftransfener%2Fpublic_html%2Fumrsu.php HTTP/1.1" 404 36 "-" "Mozilla/5.0 AppleWebKit/537.36 (KHTML, like Gecko; compatible; ClaudeBot/1.0; +claudebot@anthropic.com)"
216.73.216.105 - - [09/Mar/2026:18:38:18 -0300] "GET /simple.php?path=%2Fhome%2Ftransfener%2Fpublic_html%2Fa90e6 HTTP/1.1" 404 36 "-" "Mozilla/5.0 AppleWebKit/537.36 (KHTML, like Gecko; compatible; ClaudeBot/1.0; +claudebot@anthropic.com)"
216.73.216.105 - - [09/Mar/2026:18:38:19 -0300] "GET /simple.php?action=del&path=%2Fhome%2Ftransfener%2Fpublic_html%2Fjftfp.php HTTP/1.1" 404 36 "-" "Mozilla/5.0 AppleWebKit/537.36 (KHTML, like Gecko; compatible; ClaudeBot/1.0; +claudebot@anthropic.com)"
216.73.216.105 - - [09/Mar/2026:18:38:37 -0300] "GET /simple.php?path=%2Fhome%2Ftransfener%2Fpublic_html%2Fc28b05 HTTP/1.1" 404 36 "-" "Mozilla/5.0 AppleWebKit/537.36 (KHTML, like Gecko; compatible; ClaudeBot/1.0; +claudebot@anthropic.com)"
216.73.216.105 - - [09/Mar/2026:18:38:37 -0300] "GET /simple.php?path=%2Fhome%2Ftransfener%2Fpublic_html%2F8dc60 HTTP/1.1" 404 36 "-" "Mozilla/5.0 AppleWebKit/537.36 (KHTML, like Gecko; compatible; ClaudeBot/1.0; +claudebot@anthropic.com)"
216.73.216.105 - - [09/Mar/2026:18:38:39 -0300] "GET /simple.php?action=del&path=%2Fhome%2Ftransfener%2Fpublic_html%2Fitem.php HTTP/1.1" 404 36 "-" "Mozilla/5.0 AppleWebKit/537.36 (KHTML, like Gecko; compatible; ClaudeBot/1.0; +claudebot@anthropic.com)"
216.73.216.105 - - [09/Mar/2026:18:39:30 -0300] "GET /simple.php?action=del&path=%2Fhome%2Ftransfener%2Fpublic_html%2Ft6wer-send.php HTTP/1.1" 404 36 "-" "Mozilla/5.0 AppleWebKit/537.36 (KHTML, like Gecko; compatible; ClaudeBot/1.0; +claudebot@anthropic.com)"
216.73.216.105 - - [09/Mar/2026:18:39:30 -0300] "GET /simple.php?action=del&path=%2Fhome%2Ftransfener%2Fpublic_html%2Fgoods.php HTTP/1.1" 404 36 "-" "Mozilla/5.0 AppleWebKit/537.36 (KHTML, like Gecko; compatible; ClaudeBot/1.0; +claudebot@anthropic.com)"
216.73.216.105 - - [09/Mar/2026:18:39:31 -0300] "GET /simple.php?action=del&path=%2Fhome%2Ftransfener%2Fpublic_html%2Fx.php HTTP/1.1" 404 36 "-" "Mozilla/5.0 AppleWebKit/537.36 (KHTML, like Gecko; compatible; ClaudeBot/1.0; +claudebot@anthropic.com)"
216.73.216.105 - - [09/Mar/2026:18:39:35 -0300] "GET /simple.php?action=del&path=%2Fhome%2Ftransfener%2Fpublic_html%2Findex.php0 HTTP/1.1" 404 36 "-" "Mozilla/5.0 AppleWebKit/537.36 (KHTML, like Gecko; compatible; ClaudeBot/1.0; +claudebot@anthropic.com)"
216.73.216.105 - - [09/Mar/2026:18:39:35 -0300] "GET /simple.php?action=edit&path=%2Fhome%2Ftransfener%2Fpublic_html%2F.htaccess HTTP/1.1" 404 36 "-" "Mozilla/5.0 AppleWebKit/537.36 (KHTML, like Gecko; compatible; ClaudeBot/1.0; +claudebot@anthropic.com)"
216.73.216.105 - - [09/Mar/2026:18:39:36 -0300] "GET /simple.php?action=del&path=%2Fhome%2Ftransfener%2Fpublic_html%2Fmah.php HTTP/1.1" 404 36 "-" "Mozilla/5.0 AppleWebKit/537.36 (KHTML, like Gecko; compatible; ClaudeBot/1.0; +claudebot@anthropic.com)"
216.73.216.105 - - [09/Mar/2026:18:39:56 -0300] "GET /simple.php?action=del&path=%2Fhome%2Ftransfener%2Fpublic_html%2F.htaccess HTTP/1.1" 404 36 "-" "Mozilla/5.0 AppleWebKit/537.36 (KHTML, like Gecko; compatible; ClaudeBot/1.0; +claudebot@anthropic.com)"
216.73.216.105 - - [09/Mar/2026:18:39:56 -0300] "GET /simple.php?path=%2Fhome%2Ftransfener%2Fpublic_html%2F.well-known HTTP/1.1" 404 36 "-" "Mozilla/5.0 AppleWebKit/537.36 (KHTML, like Gecko; compatible; ClaudeBot/1.0; +claudebot@anthropic.com)"
216.73.216.105 - - [09/Mar/2026:18:39:57 -0300] "GET /simple.php?action=del&path=%2Fhome%2Ftransfener%2Fpublic_html%2Fumrsu.php HTTP/1.1" 404 36 "-" "Mozilla/5.0 AppleWebKit/537.36 (KHTML, like Gecko; compatible; ClaudeBot/1.0; +claudebot@anthropic.com)"
216.73.216.105 - - [09/Mar/2026:18:40:00 -0300] "GET /simple.php?action=del&path=%2Fhome%2Ftransfener%2Fpublic_html%2Frobots.txt HTTP/1.1" 404 36 "-" "Mozilla/5.0 AppleWebKit/537.36 (KHTML, like Gecko; compatible; ClaudeBot/1.0; +claudebot@anthropic.com)"
216.73.216.105 - - [09/Mar/2026:18:40:01 -0300] "GET /simple.php?action=edit&path=%2Fhome%2Ftransfener%2Fpublic_html%2Frobots.txt HTTP/1.1" 404 36 "-" "Mozilla/5.0 AppleWebKit/537.36 (KHTML, like Gecko; compatible; ClaudeBot/1.0; +claudebot@anthropic.com)"
216.73.216.105 - - [09/Mar/2026:18:40:10 -0300] "GET /x.php?phpinfo=true HTTP/1.1" 200 25955 "-" "Mozilla/5.0 AppleWebKit/537.36 (KHTML, like Gecko; compatible; ClaudeBot/1.0; +claudebot@anthropic.com)"
216.73.216.105 - - [09/Mar/2026:18:40:12 -0300] "GET /fetch.php?action=b64encode&path=%2Fhome%2Ftransfener%2Fpublic_html HTTP/1.1" 404 36 "-" "Mozilla/5.0 AppleWebKit/537.36 (KHTML, like Gecko; compatible; ClaudeBot/1.0; +claudebot@anthropic.com)"
216.73.216.105 - - [09/Mar/2026:18:40:14 -0300] "GET /fetch.php?action=deletefolder&folder=wp-includes&path=%2Fhome%2Ftransfener%2Fpublic_html HTTP/1.1" 404 36 "-" "Mozilla/5.0 AppleWebKit/537.36 (KHTML, like Gecko; compatible; ClaudeBot/1.0; +claudebot@anthropic.com)"
216.73.216.105 - - [09/Mar/2026:18:40:15 -0300] "GET /jftfp.php?path=%2F HTTP/1.1" 200 3941 "-" "Mozilla/5.0 AppleWebKit/537.36 (KHTML, like Gecko; compatible; ClaudeBot/1.0; +claudebot@anthropic.com)"
216.73.216.105 - - [09/Mar/2026:18:40:16 -0300] "GET /fetch.php?action=chmodfolder&folder=wp-includes&path=%2Fhome%2Ftransfener%2Fpublic_html HTTP/1.1" 404 36 "-" "Mozilla/5.0 AppleWebKit/537.36 (KHTML, like Gecko; compatible; ClaudeBot/1.0; +claudebot@anthropic.com)"
216.73.216.105 - - [09/Mar/2026:18:40:17 -0300] "GET /fetch.php?path=%2Fhome%2Ftransfener%2Fpublic_html%2Fcgi-bin HTTP/1.1" 404 36 "-" "Mozilla/5.0 AppleWebKit/537.36 (KHTML, like Gecko; compatible; ClaudeBot/1.0; +claudebot@anthropic.com)"
216.73.216.105 - - [09/Mar/2026:18:40:17 -0300] "GET /x.php?proxy=true HTTP/1.1" 200 6902 "-" "Mozilla/5.0 AppleWebKit/537.36 (KHTML, like Gecko; compatible; ClaudeBot/1.0; +claudebot@anthropic.com)"
216.73.216.105 - - [09/Mar/2026:18:40:18 -0300] "GET /fetch.php?path=%2Fhome HTTP/1.1" 404 36 "-" "Mozilla/5.0 AppleWebKit/537.36 (KHTML, like Gecko; compatible; ClaudeBot/1.0; +claudebot@anthropic.com)"
216.73.216.105 - - [09/Mar/2026:18:40:18 -0300] "GET /fetch.php?action=deletefolder&folder=cgi-bin&path=%2Fhome%2Ftransfener%2Fpublic_html HTTP/1.1" 404 36 "-" "Mozilla/5.0 AppleWebKit/537.36 (KHTML, like Gecko; compatible; ClaudeBot/1.0; +claudebot@anthropic.com)"
